{"id":19,"date":"2020-03-06T22:48:57","date_gmt":"2020-03-06T21:48:57","guid":{"rendered":"http:\/\/musique31.fr\/?page_id=19"},"modified":"2024-11-30T14:17:44","modified_gmt":"2024-11-30T13:17:44","slug":"nos-prestations","status":"publish","type":"page","link":"https:\/\/lev.music31.fr\/index.php\/nos-prestations\/","title":{"rendered":"Prestations"},"content":{"rendered":"\n<div class=\"wp-block-group\"><div class=\"wp-block-group__inner-container is-layout-flow wp-block-group-is-layout-flow\">\n<h1 class=\"has-text-color wp-block-heading\" style=\"color:#c39249\">Ce que nous proposons<\/h1>\n\n\n\n<div class=\"wp-block-columns are-vertically-aligned-center is-layout-flex wp-container-core-columns-is-layout-9d6595d7 wp-block-columns-is-layout-flex\">\n<div class=\"wp-block-column is-vertically-aligned-center is-layout-flow wp-block-column-is-layout-flow\" style=\"flex-basis:16%\"><div class=\"wp-block-image is-style-rounded\">\n<figure class=\"aligncenter size-large is-resized\"><img loading=\"lazy\" decoding=\"async\" src=\"http:\/\/musique31.fr\/wp-content\/uploads\/2020\/05\/Conseil.png\" alt=\"\" class=\"wp-image-287\" width=\"86\" height=\"86\" srcset=\"https:\/\/lev.music31.fr\/wp-content\/uploads\/2020\/05\/Conseil.png 200w, https:\/\/lev.music31.fr\/wp-content\/uploads\/2020\/05\/Conseil-150x150.png 150w, https:\/\/lev.music31.fr\/wp-content\/uploads\/2020\/05\/Conseil-100x100.png 100w\" sizes=\"auto, (max-width: 86px) 100vw, 86px\" \/><\/figure>\n<\/div><\/div>\n\n\n\n<div class=\"wp-block-column is-vertically-aligned-center is-layout-flow wp-block-column-is-layout-flow\" style=\"flex-basis:65%\">\n<p>Nous sommes \u00e0 votre \u00e9coute et nous vous accompagnons pas \u00e0 pas jusqu&rsquo;au jour de la c\u00e9r\u00e9monie. Nous prenons le temps de <strong>vous rencontrer personnellement, <\/strong>en amont de la c\u00e9r\u00e9monie, pour <strong>comprendre vos attentes <\/strong>et <strong>vous conseiller<\/strong> dans le choix des chants et des morceaux musicaux.<\/p>\n<\/div>\n<\/div>\n<\/div><\/div>\n\n\n\n<div class=\"wp-block-columns are-vertically-aligned-center is-layout-flex wp-container-core-columns-is-layout-9d6595d7 wp-block-columns-is-layout-flex\">\n<div class=\"wp-block-column is-vertically-aligned-center is-layout-flow wp-block-column-is-layout-flow\" style=\"flex-basis:16%\"><div class=\"wp-block-image is-style-default\">\n<figure class=\"aligncenter size-large is-resized\"><img loading=\"lazy\" decoding=\"async\" src=\"http:\/\/musique31.fr\/wp-content\/uploads\/2020\/05\/musicien1.png\" alt=\"\" class=\"wp-image-289\" width=\"109\" height=\"109\" srcset=\"https:\/\/lev.music31.fr\/wp-content\/uploads\/2020\/05\/musicien1.png 200w, https:\/\/lev.music31.fr\/wp-content\/uploads\/2020\/05\/musicien1-150x150.png 150w, https:\/\/lev.music31.fr\/wp-content\/uploads\/2020\/05\/musicien1-100x100.png 100w\" sizes=\"auto, (max-width: 109px) 100vw, 109px\" \/><\/figure>\n<\/div><\/div>\n\n\n\n<div class=\"wp-block-column is-vertically-aligned-center is-layout-flow wp-block-column-is-layout-flow\" style=\"flex-basis:65%\">\n<p>Nous pouvons intervenir \u00e0 <strong>deux<\/strong>, \u00e0 <strong>trois <\/strong>ou bien \u00e0 <strong>quatre musiciens<\/strong> dans la <strong>r\u00e9gion toulousaine<\/strong> et <strong>ses environs<\/strong>. Nous pouvons nous adjoindre les services de musiciens suppl\u00e9mentaires, que nous contacterons pour vous, selon vos souhaits. Il est \u00e9galement possible de <strong>faire participer vos proches et amis musiciens<\/strong> ! Nous aimons \u00e9galement <strong>faire participer les jeunes<\/strong> dans le cadre de messes d&rsquo;aum\u00f4nerie, de professions de foi&#8230; Pour ce faire, nous organiserons une r\u00e9p\u00e9tition avec eux avant la c\u00e9r\u00e9monie.<\/p>\n<\/div>\n<\/div>\n\n\n\n<div class=\"wp-block-columns are-vertically-aligned-center is-layout-flex wp-container-core-columns-is-layout-9d6595d7 wp-block-columns-is-layout-flex\">\n<div class=\"wp-block-column is-vertically-aligned-center is-layout-flow wp-block-column-is-layout-flow\" style=\"flex-basis:16%\"><div class=\"wp-block-image is-style-default\">\n<figure class=\"aligncenter size-large is-resized\"><img loading=\"lazy\" decoding=\"async\" src=\"http:\/\/musique31.fr\/wp-content\/uploads\/2020\/05\/Sono.png\" alt=\"\" class=\"wp-image-290\" width=\"93\" height=\"93\" srcset=\"https:\/\/lev.music31.fr\/wp-content\/uploads\/2020\/05\/Sono.png 200w, https:\/\/lev.music31.fr\/wp-content\/uploads\/2020\/05\/Sono-150x150.png 150w, https:\/\/lev.music31.fr\/wp-content\/uploads\/2020\/05\/Sono-100x100.png 100w\" sizes=\"auto, (max-width: 93px) 100vw, 93px\" \/><\/figure>\n<\/div><\/div>\n\n\n\n<div class=\"wp-block-column is-vertically-aligned-center is-layout-flow wp-block-column-is-layout-flow\" style=\"flex-basis:65%\">\n<p>Nous apportons notre <strong>propre mat\u00e9riel de sonorisation<\/strong> de qualit\u00e9<strong>,<\/strong> si cela est n\u00e9cessaire dans l&rsquo;\u00e9glise, et r\u00e9alisons <strong>l&rsquo;installation <\/strong>et l&rsquo;ensemble des <strong>r\u00e9glages n\u00e9cessaires <\/strong>le jour de la c\u00e9r\u00e9monie.<\/p>\n<\/div>\n<\/div>\n\n\n\n<div class=\"wp-block-columns are-vertically-aligned-center is-layout-flex wp-container-core-columns-is-layout-9d6595d7 wp-block-columns-is-layout-flex\">\n<div class=\"wp-block-column is-vertically-aligned-center is-layout-flow wp-block-column-is-layout-flow\" style=\"flex-basis:16%\"><div class=\"wp-block-image\">\n<figure class=\"aligncenter size-large is-resized\"><img loading=\"lazy\" decoding=\"async\" src=\"http:\/\/musique31.fr\/wp-content\/uploads\/2020\/05\/livret2.png\" alt=\"\" class=\"wp-image-288\" width=\"94\" height=\"94\" srcset=\"https:\/\/lev.music31.fr\/wp-content\/uploads\/2020\/05\/livret2.png 200w, https:\/\/lev.music31.fr\/wp-content\/uploads\/2020\/05\/livret2-150x150.png 150w, https:\/\/lev.music31.fr\/wp-content\/uploads\/2020\/05\/livret2-100x100.png 100w\" sizes=\"auto, (max-width: 94px) 100vw, 94px\" \/><\/figure>\n<\/div><\/div>\n\n\n\n<div class=\"wp-block-column is-vertically-aligned-center is-layout-flow wp-block-column-is-layout-flow\" style=\"flex-basis:65%\">\n<p>Nous vous proposons nos services pour la <strong>confection de votre livret de c\u00e9r\u00e9monie <\/strong>(chants, lectures, textes explicatifs&#8230;). Nous r\u00e9alisons un prototype qui vous ressemble sous format informatique, et nous pouvons, si vous le souhaitez, faire r\u00e9aliser l&rsquo;impression des livrets.<\/p>\n<\/div>\n<\/div>\n\n\n\n<div class=\"wp-block-columns are-vertically-aligned-center is-layout-flex wp-container-core-columns-is-layout-9d6595d7 wp-block-columns-is-layout-flex\">\n<div class=\"wp-block-column is-vertically-aligned-center is-layout-flow wp-block-column-is-layout-flow\" style=\"flex-basis:16%\"><div class=\"wp-block-image\">\n<figure class=\"aligncenter size-large is-resized\"><img loading=\"lazy\" decoding=\"async\" src=\"http:\/\/musique31.fr\/wp-content\/uploads\/2020\/05\/Lumi\u00e8re.png\" alt=\"\" class=\"wp-image-301\" width=\"106\" height=\"106\" srcset=\"https:\/\/lev.music31.fr\/wp-content\/uploads\/2020\/05\/Lumi\u00e8re.png 200w, https:\/\/lev.music31.fr\/wp-content\/uploads\/2020\/05\/Lumi\u00e8re-150x150.png 150w, https:\/\/lev.music31.fr\/wp-content\/uploads\/2020\/05\/Lumi\u00e8re-100x100.png 100w\" sizes=\"auto, (max-width: 106px) 100vw, 106px\" \/><\/figure>\n<\/div><\/div>\n\n\n\n<div class=\"wp-block-column is-vertically-aligned-center is-layout-flow wp-block-column-is-layout-flow\" style=\"flex-basis:65%\">\n<p>Nous vous proposons \u00e9galement l&rsquo;animation d&rsquo;un <strong>temps de m\u00e9ditation musicale<\/strong> (musique &amp; textes) la veille ou le jour de votre c\u00e9r\u00e9monie pour vous permettre de prendre un <strong>temps de recueillement spirituel<\/strong> \u00e0 la fois pour Dieu et pour vous-m\u00eame, et ainsi vivre un moment de paix int\u00e9rieure.<\/p>\n<\/div>\n<\/div>\n\n\n\n<hr class=\"wp-block-separator has-css-opacity\"\/>\n\n\n\n<h1 class=\"has-text-color wp-block-heading\" style=\"color:#c39249\">Nos formules<\/h1>\n\n\n\n<p>Nous vous proposons diff\u00e9rentes formules en fonction de vos souhaits et de votre budget :<\/p>\n\n\n\n<figure class=\"wp-block-image size-full is-resized\"><img loading=\"lazy\" decoding=\"async\" src=\"https:\/\/lev.music31.fr\/wp-content\/uploads\/2023\/03\/Formules-Lev_VF2-e1678893508605.png\" alt=\"\" class=\"wp-image-1232\" width=\"639\" height=\"426\" srcset=\"https:\/\/lev.music31.fr\/wp-content\/uploads\/2023\/03\/Formules-Lev_VF2-e1678893508605.png 852w, https:\/\/lev.music31.fr\/wp-content\/uploads\/2023\/03\/Formules-Lev_VF2-e1678893508605-300x200.png 300w, https:\/\/lev.music31.fr\/wp-content\/uploads\/2023\/03\/Formules-Lev_VF2-e1678893508605-768x512.png 768w\" sizes=\"auto, (max-width: 639px) 100vw, 639px\" \/><\/figure>\n\n\n\n<p><strong>Frais de participation<\/strong> \u00e0 pr\u00e9voir pour l&rsquo;animation d&rsquo;une c\u00e9l\u00e9bration (hors d\u00e9placement) :<br>* Pour un <strong>mariage<\/strong> : <br>        &#8211; 2 musiciens, \u00e0 partir de 530 \u20ac,<br>        &#8211; 3 musiciens, \u00e0 partir de 730 \u20ac,<br>        &#8211; 4 musiciens, \u00e0 partir de 920 \u20ac.<\/p>\n\n\n\n<p>* Pour des <strong>fun\u00e9railles<\/strong>, un <strong>bapt\u00eame<\/strong> ou des <strong>premi\u00e8res communions<\/strong> :<br>        &#8211;  1 musicien, \u00e0 partir de 150 \u20ac,<br>        &#8211;  2 musiciens, \u00e0 partir de 280 \u20ac,<br>        &#8211;  3 musiciens, \u00e0 partir de 400 \u20ac.<\/p>\n\n\n\n<p>N&rsquo;h\u00e9sitez pas \u00e0 <a rel=\"noreferrer noopener\" href=\"https:\/\/lev.music31.fr\/index.php\/nous-contacter\/\" target=\"_blank\">nous contacter<\/a> pour une demande de devis plus pr\u00e9cis en fonction de l&rsquo;animation souhait\u00e9e.<\/p>\n\n\n\n<p><strong>* Suppl\u00e9ment tarifaire <\/strong>pour l&rsquo;impression des livrets de c\u00e9r\u00e9monie ou des feuilles de chants (formules \u00ab\u00a0cl\u00e9 en main\u00a0\u00bb et \u00ab\u00a0compl\u00e8te\u00a0\u00bb).<\/p>\n\n\n\n<hr class=\"wp-block-separator has-css-opacity\"\/>\n\n\n\n<h2 class=\"has-text-color wp-block-heading\" style=\"color:#c39249\">Une c\u00e9r\u00e9monie anim\u00e9e par L\u00c8V c&rsquo;est&#8230;<\/h2>\n\n\n\n<figure class=\"wp-block-image size-full is-resized\"><img loading=\"lazy\" decoding=\"async\" src=\"https:\/\/lev.music31.fr\/wp-content\/uploads\/2023\/03\/Graphique-Lev_VF2-edited.png\" alt=\"\" class=\"wp-image-1236\" width=\"768\" height=\"432\" srcset=\"https:\/\/lev.music31.fr\/wp-content\/uploads\/2023\/03\/Graphique-Lev_VF2-edited.png 1024w, https:\/\/lev.music31.fr\/wp-content\/uploads\/2023\/03\/Graphique-Lev_VF2-edited-300x169.png 300w, https:\/\/lev.music31.fr\/wp-content\/uploads\/2023\/03\/Graphique-Lev_VF2-edited-768x432.png 768w\" sizes=\"auto, (max-width: 767px) 89vw, (max-width: 1000px) 54vw, (max-width: 1071px) 543px, 580px\" \/><\/figure>\n","protected":false},"excerpt":{"rendered":"<p>Ce que nous proposons Nous sommes \u00e0 votre \u00e9coute et nous vous accompagnons pas \u00e0 pas jusqu&rsquo;au jour de la c\u00e9r\u00e9monie. Nous prenons le temps de vous rencontrer personnellement, en amont de la c\u00e9r\u00e9monie, pour comprendre vos attentes et vous conseiller dans le choix des chants et des morceaux musicaux. Nous pouvons intervenir \u00e0 deux, &hellip; <\/p>\n<p class=\"link-more\"><a href=\"https:\/\/lev.music31.fr\/index.php\/nos-prestations\/\" class=\"more-link\">Continuer la lecture<span class=\"screen-reader-text\"> de &laquo;&nbsp;Prestations&nbsp;&raquo;<\/span><\/a><\/p>\n","protected":false},"author":1,"featured_media":0,"parent":0,"menu_order":0,"comment_status":"closed","ping_status":"closed","template":"","meta":{"footnotes":""},"class_list":["post-19","page","type-page","status-publish","hentry"],"yoast_head":"<!-- This site is optimized with the Yoast SEO plugin v20.3 - https:\/\/yoast.com\/wordpress\/plugins\/seo\/ -->\n<title>Prestations - L\u00e8v<\/title>\n<meta name=\"robots\" content=\"index, follow, max-snippet:-1, max-image-preview:large, max-video-preview:-1\" \/>\n<link rel=\"canonical\" href=\"https:\/\/lev.music31.fr\/index.php\/nos-prestations\/\" \/>\n<meta property=\"og:locale\" content=\"fr_FR\" \/>\n<meta property=\"og:type\" content=\"article\" \/>\n<meta property=\"og:title\" content=\"Prestations - L\u00e8v\" \/>\n<meta property=\"og:description\" content=\"Ce que nous proposons Nous sommes \u00e0 votre \u00e9coute et nous vous accompagnons pas \u00e0 pas jusqu&rsquo;au jour de la c\u00e9r\u00e9monie. Nous prenons le temps de vous rencontrer personnellement, en amont de la c\u00e9r\u00e9monie, pour comprendre vos attentes et vous conseiller dans le choix des chants et des morceaux musicaux. Nous pouvons intervenir \u00e0 deux, &hellip; Continuer la lecture de &laquo;&nbsp;Prestations&nbsp;&raquo;\" \/>\n<meta property=\"og:url\" content=\"https:\/\/lev.music31.fr\/index.php\/nos-prestations\/\" \/>\n<meta property=\"og:site_name\" content=\"L\u00e8v\" \/>\n<meta property=\"article:publisher\" content=\"https:\/\/www.facebook.com\/lev.music31\" \/>\n<meta property=\"article:modified_time\" content=\"2024-11-30T13:17:44+00:00\" \/>\n<meta property=\"og:image\" content=\"http:\/\/musique31.fr\/wp-content\/uploads\/2020\/05\/Conseil.png\" \/>\n<meta name=\"twitter:card\" content=\"summary_large_image\" \/>\n<meta name=\"twitter:label1\" content=\"Dur\u00e9e de lecture estim\u00e9e\" \/>\n\t<meta name=\"twitter:data1\" content=\"4 minutes\" \/>\n<script type=\"application\/ld+json\" class=\"yoast-schema-graph\">{\"@context\":\"https:\/\/schema.org\",\"@graph\":[{\"@type\":\"WebPage\",\"@id\":\"https:\/\/lev.music31.fr\/index.php\/nos-prestations\/\",\"url\":\"https:\/\/lev.music31.fr\/index.php\/nos-prestations\/\",\"name\":\"Prestations - L\u00e8v\",\"isPartOf\":{\"@id\":\"https:\/\/lev.music31.fr\/#website\"},\"datePublished\":\"2020-03-06T21:48:57+00:00\",\"dateModified\":\"2024-11-30T13:17:44+00:00\",\"breadcrumb\":{\"@id\":\"https:\/\/lev.music31.fr\/index.php\/nos-prestations\/#breadcrumb\"},\"inLanguage\":\"fr-FR\",\"potentialAction\":[{\"@type\":\"ReadAction\",\"target\":[\"https:\/\/lev.music31.fr\/index.php\/nos-prestations\/\"]}]},{\"@type\":\"BreadcrumbList\",\"@id\":\"https:\/\/lev.music31.fr\/index.php\/nos-prestations\/#breadcrumb\",\"itemListElement\":[{\"@type\":\"ListItem\",\"position\":1,\"name\":\"Accueil\",\"item\":\"https:\/\/lev.music31.fr\/\"},{\"@type\":\"ListItem\",\"position\":2,\"name\":\"Prestations\"}]},{\"@type\":\"WebSite\",\"@id\":\"https:\/\/lev.music31.fr\/#website\",\"url\":\"https:\/\/lev.music31.fr\/\",\"name\":\"L\u00e8v\",\"description\":\"Battre au rythme de vos c\u0153urs\",\"publisher\":{\"@id\":\"https:\/\/lev.music31.fr\/#organization\"},\"potentialAction\":[{\"@type\":\"SearchAction\",\"target\":{\"@type\":\"EntryPoint\",\"urlTemplate\":\"https:\/\/lev.music31.fr\/?s={search_term_string}\"},\"query-input\":\"required name=search_term_string\"}],\"inLanguage\":\"fr-FR\"},{\"@type\":\"Organization\",\"@id\":\"https:\/\/lev.music31.fr\/#organization\",\"name\":\"L\u00c8V\",\"url\":\"https:\/\/lev.music31.fr\/\",\"logo\":{\"@type\":\"ImageObject\",\"inLanguage\":\"fr-FR\",\"@id\":\"https:\/\/lev.music31.fr\/#\/schema\/logo\/image\/\",\"url\":\"https:\/\/lev.music31.fr\/wp-content\/uploads\/2020\/03\/L\u00e8v-logo_4.png\",\"contentUrl\":\"https:\/\/lev.music31.fr\/wp-content\/uploads\/2020\/03\/L\u00e8v-logo_4.png\",\"width\":1080,\"height\":1080,\"caption\":\"L\u00c8V\"},\"image\":{\"@id\":\"https:\/\/lev.music31.fr\/#\/schema\/logo\/image\/\"},\"sameAs\":[\"https:\/\/www.facebook.com\/lev.music31\"]}]}<\/script>\n<!-- \/ Yoast SEO plugin. -->","yoast_head_json":{"title":"Prestations - L\u00e8v","robots":{"index":"index","follow":"follow","max-snippet":"max-snippet:-1","max-image-preview":"max-image-preview:large","max-video-preview":"max-video-preview:-1"},"canonical":"https:\/\/lev.music31.fr\/index.php\/nos-prestations\/","og_locale":"fr_FR","og_type":"article","og_title":"Prestations - L\u00e8v","og_description":"Ce que nous proposons Nous sommes \u00e0 votre \u00e9coute et nous vous accompagnons pas \u00e0 pas jusqu&rsquo;au jour de la c\u00e9r\u00e9monie. Nous prenons le temps de vous rencontrer personnellement, en amont de la c\u00e9r\u00e9monie, pour comprendre vos attentes et vous conseiller dans le choix des chants et des morceaux musicaux. Nous pouvons intervenir \u00e0 deux, &hellip; Continuer la lecture de &laquo;&nbsp;Prestations&nbsp;&raquo;","og_url":"https:\/\/lev.music31.fr\/index.php\/nos-prestations\/","og_site_name":"L\u00e8v","article_publisher":"https:\/\/www.facebook.com\/lev.music31","article_modified_time":"2024-11-30T13:17:44+00:00","og_image":[{"url":"http:\/\/musique31.fr\/wp-content\/uploads\/2020\/05\/Conseil.png"}],"twitter_card":"summary_large_image","twitter_misc":{"Dur\u00e9e de lecture estim\u00e9e":"4 minutes"},"schema":{"@context":"https:\/\/schema.org","@graph":[{"@type":"WebPage","@id":"https:\/\/lev.music31.fr\/index.php\/nos-prestations\/","url":"https:\/\/lev.music31.fr\/index.php\/nos-prestations\/","name":"Prestations - L\u00e8v","isPartOf":{"@id":"https:\/\/lev.music31.fr\/#website"},"datePublished":"2020-03-06T21:48:57+00:00","dateModified":"2024-11-30T13:17:44+00:00","breadcrumb":{"@id":"https:\/\/lev.music31.fr\/index.php\/nos-prestations\/#breadcrumb"},"inLanguage":"fr-FR","potentialAction":[{"@type":"ReadAction","target":["https:\/\/lev.music31.fr\/index.php\/nos-prestations\/"]}]},{"@type":"BreadcrumbList","@id":"https:\/\/lev.music31.fr\/index.php\/nos-prestations\/#breadcrumb","itemListElement":[{"@type":"ListItem","position":1,"name":"Accueil","item":"https:\/\/lev.music31.fr\/"},{"@type":"ListItem","position":2,"name":"Prestations"}]},{"@type":"WebSite","@id":"https:\/\/lev.music31.fr\/#website","url":"https:\/\/lev.music31.fr\/","name":"L\u00e8v","description":"Battre au rythme de vos c\u0153urs","publisher":{"@id":"https:\/\/lev.music31.fr\/#organization"},"potentialAction":[{"@type":"SearchAction","target":{"@type":"EntryPoint","urlTemplate":"https:\/\/lev.music31.fr\/?s={search_term_string}"},"query-input":"required name=search_term_string"}],"inLanguage":"fr-FR"},{"@type":"Organization","@id":"https:\/\/lev.music31.fr\/#organization","name":"L\u00c8V","url":"https:\/\/lev.music31.fr\/","logo":{"@type":"ImageObject","inLanguage":"fr-FR","@id":"https:\/\/lev.music31.fr\/#\/schema\/logo\/image\/","url":"https:\/\/lev.music31.fr\/wp-content\/uploads\/2020\/03\/L\u00e8v-logo_4.png","contentUrl":"https:\/\/lev.music31.fr\/wp-content\/uploads\/2020\/03\/L\u00e8v-logo_4.png","width":1080,"height":1080,"caption":"L\u00c8V"},"image":{"@id":"https:\/\/lev.music31.fr\/#\/schema\/logo\/image\/"},"sameAs":["https:\/\/www.facebook.com\/lev.music31"]}]}},"_links":{"self":[{"href":"https:\/\/lev.music31.fr\/index.php\/wp-json\/wp\/v2\/pages\/19","targetHints":{"allow":["GET"]}}],"collection":[{"href":"https:\/\/lev.music31.fr\/index.php\/wp-json\/wp\/v2\/pages"}],"about":[{"href":"https:\/\/lev.music31.fr\/index.php\/wp-json\/wp\/v2\/types\/page"}],"author":[{"embeddable":true,"href":"https:\/\/lev.music31.fr\/index.php\/wp-json\/wp\/v2\/users\/1"}],"replies":[{"embeddable":true,"href":"https:\/\/lev.music31.fr\/index.php\/wp-json\/wp\/v2\/comments?post=19"}],"version-history":[{"count":81,"href":"https:\/\/lev.music31.fr\/index.php\/wp-json\/wp\/v2\/pages\/19\/revisions"}],"predecessor-version":[{"id":1282,"href":"https:\/\/lev.music31.fr\/index.php\/wp-json\/wp\/v2\/pages\/19\/revisions\/1282"}],"wp:attachment":[{"href":"https:\/\/lev.music31.fr\/index.php\/wp-json\/wp\/v2\/media?parent=19"}],"curies":[{"name":"wp","href":"https:\/\/api.w.org\/{rel}","templated":true}]}}